{"id":49344,"date":"2021-01-27T15:12:58","date_gmt":"2021-01-28T15:07:23","guid":{"rendered":"https:\/\/labs.giamaica.app\/webit\/adriabandiere.com\/shop\/non class\u00e9\/representant-tcheque\/"},"modified":"2021-01-28T16:07:23","modified_gmt":"2021-01-28T15:07:23","slug":"republique-tcheque","status":"publish","type":"product","link":"https:\/\/www.adriabandiere.com\/fr\/prodotti\/drapeaux\/nations-etrangeres\/republique-tcheque\/","title":{"rendered":"REPR\u00c9SENTANT. TCH\u00c8QUE"},"content":{"rendered":"","protected":false},"excerpt":{"rendered":"<p>R\u00e9publique tch\u00e8que, Cm 100&#215;150 polyester pas cher<br \/>\n30b01cz R\u00e9publique tch\u00e8que, Cm 14&#215;21 pour table en polyester<br \/>\n31b01rep R\u00e9publique tch\u00e8que, Cm 20&#215;30 \u00e0 agiter<br \/>\n32b021cz R\u00e9publique tch\u00e8que, Cm 9&#215;13 satin\u00e9 avec socle<br \/>\n32b043cz R\u00e9publique tch\u00e8que, 15,5&#215;23 cm<br \/>\n64b057cz R\u00e9publique tch\u00e8que, serg\u00e9 brod\u00e9 100&#215;150 cm<br \/>\nbc061 R\u00e9publique tch\u00e8que, 20&#215;30 cm<br \/>\nbc062 R\u00e9publique tch\u00e8que, 30&#215;45 cm<br \/>\nbc063 R\u00e9publique tch\u00e8que, 40&#215;60 cm<br \/>\nbc064 R\u00e9publique tch\u00e8que, 50&#215;75 cm<br \/>\nbc064x R\u00e9publique tch\u00e8que, 60&#215;90 cm<br \/>\nbc065 R\u00e9publique tch\u00e8que, 70&#215;100 cm<br \/>\nbc066 R\u00e9publique tch\u00e8que, 80&#215;120 cm<br \/>\nbc067 R\u00e9publique tch\u00e8que, 100&#215;150 cm<br \/>\nbc067x R\u00e9publique tch\u00e8que, 120&#215;180 cm<br \/>\nbc068 R\u00e9publique tch\u00e8que, 130&#215;200 cm<br \/>\nbc069 R\u00e9publique tch\u00e8que, 150&#215;225 cm<br \/>\nbc069px R\u00e9publique tch\u00e8que, cm 150&#215;225 polyester nautique<br \/>\nbc070 R\u00e9publique tch\u00e8que, 200&#215;300 cm<br \/>\nbc070d R\u00e9publique tch\u00e8que, cm 200&#215;300 double<\/p>\n","protected":false},"featured_media":43183,"template":"","meta":{"_acf_changed":false,"ngg_post_thumbnail":0},"product_brand":[],"product_cat":[458,479],"product_tag":[],"class_list":{"0":"post-49344","1":"product","2":"type-product","3":"status-publish","4":"has-post-thumbnail","6":"product_cat-drapeaux","7":"product_cat-nations-etrangeres","9":"first","10":"instock","11":"shipping-taxable","12":"product-type-simple"},"acf":[],"yoast_head":"<!-- This site is optimized with the Yoast SEO Premium plugin v20.11 (Yoast SEO v20.11) - https:\/\/yoast.com\/wordpress\/plugins\/seo\/ -->\n<title>REPR\u00c9SENTANT. TCH\u00c8QUE - AdriaBandiere<\/title>\n<meta name=\"description\" content=\"Scopri REPR\u00c9SENTANT. TCH\u00c8QUE e gli altri prodotti del catalogo di AdriaBandiere. Entra nel sito.\" \/>\n<meta name=\"robots\" content=\"index, follow, max-snippet:-1, max-image-preview:large, max-video-preview:-1\" \/>\n<link rel=\"canonical\" href=\"https:\/\/www.adriabandiere.com\/fr\/prodotti\/drapeaux\/nations-etrangeres\/republique-tcheque\/\" \/>\n<meta property=\"og:locale\" content=\"fr_FR\" \/>\n<meta property=\"og:type\" content=\"article\" \/>\n<meta property=\"og:title\" content=\"REPR\u00c9SENTANT. TCH\u00c8QUE\" \/>\n<meta property=\"og:description\" content=\"Scopri REPR\u00c9SENTANT. TCH\u00c8QUE e gli altri prodotti del catalogo di AdriaBandiere. Entra nel sito.\" \/>\n<meta property=\"og:url\" content=\"https:\/\/www.adriabandiere.com\/fr\/prodotti\/drapeaux\/nations-etrangeres\/republique-tcheque\/\" \/>\n<meta property=\"og:site_name\" content=\"Adria Bandiere\" \/>\n<meta property=\"og:image\" content=\"https:\/\/www.adriabandiere.com\/wp-content\/uploads\/2021\/01\/100cz-1-2.jpg\" \/>\n\t<meta property=\"og:image:width\" content=\"1024\" \/>\n\t<meta property=\"og:image:height\" content=\"626\" \/>\n\t<meta property=\"og:image:type\" content=\"image\/jpeg\" \/>\n<meta name=\"twitter:card\" content=\"summary_large_image\" \/>\n<script type=\"application\/ld+json\" class=\"yoast-schema-graph\">{\"@context\":\"https:\/\/schema.org\",\"@graph\":[{\"@type\":\"WebPage\",\"@id\":\"https:\/\/www.adriabandiere.com\/fr\/prodotti\/drapeaux\/nations-etrangeres\/republique-tcheque\/\",\"url\":\"https:\/\/www.adriabandiere.com\/fr\/prodotti\/drapeaux\/nations-etrangeres\/republique-tcheque\/\",\"name\":\"REPR\u00c9SENTANT. TCH\u00c8QUE - AdriaBandiere\",\"isPartOf\":{\"@id\":\"https:\/\/www.adriabandiere.com\/fr\/#website\"},\"datePublished\":\"2021-01-28T15:07:23+00:00\",\"dateModified\":\"2021-01-28T15:07:23+00:00\",\"description\":\"Scopri REPR\u00c9SENTANT. TCH\u00c8QUE e gli altri prodotti del catalogo di AdriaBandiere. Entra nel sito.\",\"breadcrumb\":{\"@id\":\"https:\/\/www.adriabandiere.com\/fr\/prodotti\/drapeaux\/nations-etrangeres\/republique-tcheque\/#breadcrumb\"},\"inLanguage\":\"fr-FR\",\"potentialAction\":[{\"@type\":\"ReadAction\",\"target\":[\"https:\/\/www.adriabandiere.com\/fr\/prodotti\/drapeaux\/nations-etrangeres\/republique-tcheque\/\"]}]},{\"@type\":\"BreadcrumbList\",\"@id\":\"https:\/\/www.adriabandiere.com\/fr\/prodotti\/drapeaux\/nations-etrangeres\/republique-tcheque\/#breadcrumb\",\"itemListElement\":[{\"@type\":\"ListItem\",\"position\":1,\"name\":\"Prodotti\",\"item\":\"https:\/\/www.adriabandiere.com\/it\/prodotti\/\"},{\"@type\":\"ListItem\",\"position\":2,\"name\":\"REPR\u00c9SENTANT. TCH\u00c8QUE\"}]},{\"@type\":\"WebSite\",\"@id\":\"https:\/\/www.adriabandiere.com\/fr\/#website\",\"url\":\"https:\/\/www.adriabandiere.com\/fr\/\",\"name\":\"Adria Bandiere\",\"description\":\"\",\"potentialAction\":[{\"@type\":\"SearchAction\",\"target\":{\"@type\":\"EntryPoint\",\"urlTemplate\":\"https:\/\/www.adriabandiere.com\/fr\/?s={search_term_string}\"},\"query-input\":\"required name=search_term_string\"}],\"inLanguage\":\"fr-FR\"}]}<\/script>\n<!-- \/ Yoast SEO Premium plugin. -->","yoast_head_json":{"title":"REPR\u00c9SENTANT. TCH\u00c8QUE - AdriaBandiere","description":"Scopri REPR\u00c9SENTANT. TCH\u00c8QUE e gli altri prodotti del catalogo di AdriaBandiere. Entra nel sito.","robots":{"index":"index","follow":"follow","max-snippet":"max-snippet:-1","max-image-preview":"max-image-preview:large","max-video-preview":"max-video-preview:-1"},"canonical":"https:\/\/www.adriabandiere.com\/fr\/prodotti\/drapeaux\/nations-etrangeres\/republique-tcheque\/","og_locale":"fr_FR","og_type":"article","og_title":"REPR\u00c9SENTANT. TCH\u00c8QUE","og_description":"Scopri REPR\u00c9SENTANT. TCH\u00c8QUE e gli altri prodotti del catalogo di AdriaBandiere. Entra nel sito.","og_url":"https:\/\/www.adriabandiere.com\/fr\/prodotti\/drapeaux\/nations-etrangeres\/republique-tcheque\/","og_site_name":"Adria Bandiere","og_image":[{"width":1024,"height":626,"url":"https:\/\/www.adriabandiere.com\/wp-content\/uploads\/2021\/01\/100cz-1-2.jpg","type":"image\/jpeg"}],"twitter_card":"summary_large_image","schema":{"@context":"https:\/\/schema.org","@graph":[{"@type":"WebPage","@id":"https:\/\/www.adriabandiere.com\/fr\/prodotti\/drapeaux\/nations-etrangeres\/republique-tcheque\/","url":"https:\/\/www.adriabandiere.com\/fr\/prodotti\/drapeaux\/nations-etrangeres\/republique-tcheque\/","name":"REPR\u00c9SENTANT. TCH\u00c8QUE - AdriaBandiere","isPartOf":{"@id":"https:\/\/www.adriabandiere.com\/fr\/#website"},"datePublished":"2021-01-28T15:07:23+00:00","dateModified":"2021-01-28T15:07:23+00:00","description":"Scopri REPR\u00c9SENTANT. TCH\u00c8QUE e gli altri prodotti del catalogo di AdriaBandiere. Entra nel sito.","breadcrumb":{"@id":"https:\/\/www.adriabandiere.com\/fr\/prodotti\/drapeaux\/nations-etrangeres\/republique-tcheque\/#breadcrumb"},"inLanguage":"fr-FR","potentialAction":[{"@type":"ReadAction","target":["https:\/\/www.adriabandiere.com\/fr\/prodotti\/drapeaux\/nations-etrangeres\/republique-tcheque\/"]}]},{"@type":"BreadcrumbList","@id":"https:\/\/www.adriabandiere.com\/fr\/prodotti\/drapeaux\/nations-etrangeres\/republique-tcheque\/#breadcrumb","itemListElement":[{"@type":"ListItem","position":1,"name":"Prodotti","item":"https:\/\/www.adriabandiere.com\/it\/prodotti\/"},{"@type":"ListItem","position":2,"name":"REPR\u00c9SENTANT. TCH\u00c8QUE"}]},{"@type":"WebSite","@id":"https:\/\/www.adriabandiere.com\/fr\/#website","url":"https:\/\/www.adriabandiere.com\/fr\/","name":"Adria Bandiere","description":"","potentialAction":[{"@type":"SearchAction","target":{"@type":"EntryPoint","urlTemplate":"https:\/\/www.adriabandiere.com\/fr\/?s={search_term_string}"},"query-input":"required name=search_term_string"}],"inLanguage":"fr-FR"}]}},"_links":{"self":[{"href":"https:\/\/www.adriabandiere.com\/fr\/wp-json\/wp\/v2\/product\/49344","targetHints":{"allow":["GET"]}}],"collection":[{"href":"https:\/\/www.adriabandiere.com\/fr\/wp-json\/wp\/v2\/product"}],"about":[{"href":"https:\/\/www.adriabandiere.com\/fr\/wp-json\/wp\/v2\/types\/product"}],"wp:featuredmedia":[{"embeddable":true,"href":"https:\/\/www.adriabandiere.com\/fr\/wp-json\/wp\/v2\/media\/43183"}],"wp:attachment":[{"href":"https:\/\/www.adriabandiere.com\/fr\/wp-json\/wp\/v2\/media?parent=49344"}],"wp:term":[{"taxonomy":"product_brand","embeddable":true,"href":"https:\/\/www.adriabandiere.com\/fr\/wp-json\/wp\/v2\/product_brand?post=49344"},{"taxonomy":"product_cat","embeddable":true,"href":"https:\/\/www.adriabandiere.com\/fr\/wp-json\/wp\/v2\/product_cat?post=49344"},{"taxonomy":"product_tag","embeddable":true,"href":"https:\/\/www.adriabandiere.com\/fr\/wp-json\/wp\/v2\/product_tag?post=49344"}],"curies":[{"name":"wp","href":"https:\/\/api.w.org\/{rel}","templated":true}]}}

https://labs.giamaica.app/webit/adriabandiere.com/shop/non classé/representant-tcheque/

REPRÉSENTANT. TCHÈQUE

<p>République tchèque, Cm 100&#215;150 polyester pas cher<br />
30b01cz République tchèque, Cm 14&#215;21 pour table en polyester<br />
31b01rep République tchèque, Cm 20&#215;30 à agiter<br />
32b021cz République tchèque, Cm 9&#215;13 satiné avec socle<br />
32b043cz République tchèque, 15,5&#215;23 cm<br />
64b057cz République tchèque, sergé brodé 100&#215;150 cm<br />
bc061 République tchèque, 20&#215;30 cm<br />
bc062 République tchèque, 30&#215;45 cm<br />
bc063 République tchèque, 40&#215;60 cm<br />
bc064 République tchèque, 50&#215;75 cm<br />
bc064x République tchèque, 60&#215;90 cm<br />
bc065 République tchèque, 70&#215;100 cm<br />
bc066 République tchèque, 80&#215;120 cm<br />
bc067 République tchèque, 100&#215;150 cm<br />
bc067x République tchèque, 120&#215;180 cm<br />
bc068 République tchèque, 130&#215;200 cm<br />
bc069 République tchèque, 150&#215;225 cm<br />
bc069px République tchèque, cm 150&#215;225 polyester nautique<br />
bc070 République tchèque, 200&#215;300 cm<br />
bc070d République tchèque, cm 200&#215;300 double</p>

<!-- This site is optimized with the Yoast SEO Premium plugin v20.11 (Yoast SEO v20.11) - https://yoast.com/wordpress/plugins/seo/ -->
<title>REPRÉSENTANT. TCHÈQUE - AdriaBandiere</title>
<meta name="description" content="Scopri REPRÉSENTANT. TCHÈQUE e gli altri prodotti del catalogo di AdriaBandiere. Entra nel sito." />
<meta name="robots" content="index, follow, max-snippet:-1, max-image-preview:large, max-video-preview:-1" />
<link rel="canonical" href="https://www.adriabandiere.com/fr/prodotti/drapeaux/nations-etrangeres/republique-tcheque/" />
<meta property="og:locale" content="fr_FR" />
<meta property="og:type" content="article" />
<meta property="og:title" content="REPRÉSENTANT. TCHÈQUE" />
<meta property="og:description" content="Scopri REPRÉSENTANT. TCHÈQUE e gli altri prodotti del catalogo di AdriaBandiere. Entra nel sito." />
<meta property="og:url" content="https://www.adriabandiere.com/fr/prodotti/drapeaux/nations-etrangeres/republique-tcheque/" />
<meta property="og:site_name" content="Adria Bandiere" />
<meta property="og:image" content="https://www.adriabandiere.com/wp-content/uploads/2021/01/100cz-1-2.jpg" />
	<meta property="og:image:width" content="1024" />
	<meta property="og:image:height" content="626" />
	<meta property="og:image:type" content="image/jpeg" />
<meta name="twitter:card" content="summary_large_image" />
<script type="application/ld+json" class="yoast-schema-graph">{"@context":"https://schema.org","@graph":[{"@type":"WebPage","@id":"https://www.adriabandiere.com/fr/prodotti/drapeaux/nations-etrangeres/republique-tcheque/","url":"https://www.adriabandiere.com/fr/prodotti/drapeaux/nations-etrangeres/republique-tcheque/","name":"REPRÉSENTANT. TCHÈQUE - AdriaBandiere","isPartOf":{"@id":"https://www.adriabandiere.com/fr/#website"},"datePublished":"2021-01-28T15:07:23+00:00","dateModified":"2021-01-28T15:07:23+00:00","description":"Scopri REPRÉSENTANT. TCHÈQUE e gli altri prodotti del catalogo di AdriaBandiere. Entra nel sito.","breadcrumb":{"@id":"https://www.adriabandiere.com/fr/prodotti/drapeaux/nations-etrangeres/republique-tcheque/#breadcrumb"},"inLanguage":"fr-FR","potentialAction":[{"@type":"ReadAction","target":["https://www.adriabandiere.com/fr/prodotti/drapeaux/nations-etrangeres/republique-tcheque/"]}]},{"@type":"BreadcrumbList","@id":"https://www.adriabandiere.com/fr/prodotti/drapeaux/nations-etrangeres/republique-tcheque/#breadcrumb","itemListElement":[{"@type":"ListItem","position":1,"name":"Prodotti","item":"https://www.adriabandiere.com/it/prodotti/"},{"@type":"ListItem","position":2,"name":"REPRÉSENTANT. TCHÈQUE"}]},{"@type":"WebSite","@id":"https://www.adriabandiere.com/fr/#website","url":"https://www.adriabandiere.com/fr/","name":"Adria Bandiere","description":"","potentialAction":[{"@type":"SearchAction","target":{"@type":"EntryPoint","urlTemplate":"https://www.adriabandiere.com/fr/?s={search_term_string}"},"query-input":"required name=search_term_string"}],"inLanguage":"fr-FR"}]}</script>
<!-- / Yoast SEO Premium plugin. -->

REPRÉSENTANT. TCHÈQUE - AdriaBandiere

Scopri REPRÉSENTANT. TCHÈQUE e gli altri prodotti del catalogo di AdriaBandiere. Entra nel sito.
