{"version":"1.0","provider_name":"Adria Bandiere","provider_url":"https:\/\/www.adriabandiere.com\/fr\/","title":"Adria Bandiere pour \"Cesenatico Classica\"","type":"rich","width":600,"height":338,"html":"<blockquote class=\"wp-embedded-content\" data-secret=\"jYN2QkCIFJ\"><a href=\"https:\/\/www.adriabandiere.com\/fr\/drapeaux-adria-pour-cesenatico-classica\/\">Adria Bandiere pour \u00ab\u00a0Cesenatico Classica\u00a0\u00bb<\/a><\/blockquote><iframe sandbox=\"allow-scripts\" security=\"restricted\" src=\"https:\/\/www.adriabandiere.com\/fr\/drapeaux-adria-pour-cesenatico-classica\/embed\/#?secret=jYN2QkCIFJ\" width=\"600\" height=\"338\" title=\"\u00ab\u00a0Adria Bandiere pour \u00ab\u00a0Cesenatico Classica\u00a0\u00bb\u00a0\u00bb &#8212; Adria Bandiere\" data-secret=\"jYN2QkCIFJ\" frameborder=\"0\" marginwidth=\"0\" marginheight=\"0\" scrolling=\"no\" class=\"wp-embedded-content\"><\/iframe><script type=\"text\/javascript\">\n\/* <![CDATA[ *\/\n\/*! This file is auto-generated *\/\n!function(d,l){\"use strict\";l.querySelector&&d.addEventListener&&\"undefined\"!=typeof URL&&(d.wp=d.wp||{},d.wp.receiveEmbedMessage||(d.wp.receiveEmbedMessage=function(e){var t=e.data;if((t||t.secret||t.message||t.value)&&!\/[^a-zA-Z0-9]\/.test(t.secret)){for(var s,r,n,a=l.querySelectorAll('iframe[data-secret=\"'+t.secret+'\"]'),o=l.querySelectorAll('blockquote[data-secret=\"'+t.secret+'\"]'),c=new RegExp(\"^https?:$\",\"i\"),i=0;i<o.length;i++)o[i].style.display=\"none\";for(i=0;i<a.length;i++)s=a[i],e.source===s.contentWindow&&(s.removeAttribute(\"style\"),\"height\"===t.message?(1e3<(r=parseInt(t.value,10))?r=1e3:~~r<200&&(r=200),s.height=r):\"link\"===t.message&&(r=new URL(s.getAttribute(\"src\")),n=new URL(t.value),c.test(n.protocol))&&n.host===r.host&&l.activeElement===s&&(d.top.location.href=t.value))}},d.addEventListener(\"message\",d.wp.receiveEmbedMessage,!1),l.addEventListener(\"DOMContentLoaded\",function(){for(var e,t,s=l.querySelectorAll(\"iframe.wp-embedded-content\"),r=0;r<s.length;r++)(t=(e=s[r]).getAttribute(\"data-secret\"))||(t=Math.random().toString(36).substring(2,12),e.src+=\"#?secret=\"+t,e.setAttribute(\"data-secret\",t)),e.contentWindow.postMessage({message:\"ready\",secret:t},\"*\")},!1)))}(window,document);\n\/\/# sourceURL=https:\/\/www.adriabandiere.com\/wp-includes\/js\/wp-embed.min.js\n\/* ]]> *\/\n<\/script>\n","thumbnail_url":"https:\/\/www.adriabandiere.com\/wp-content\/uploads\/2019\/01\/locandina.png","thumbnail_width":728,"thumbnail_height":1058,"description":"Cette ann\u00e9e \u00e9galement, nous avons le plaisir de pouvoir contribuer \u00e0 la huiti\u00e8me \u00e9dition du \u00ab\u00a0Cesenatico Classica\u00a0\u00bb, une s\u00e9rie de concerts musicaux qui se tiendront au Th\u00e9\u00e2tre Municipal de Cesenatico pendant les mois de janvier et f\u00e9vrier. Un moment unique et presque irrempla\u00e7able! Ci-dessous, l&rsquo;affiche avec les jours et les heures!"}

Cette année également, nous avons le plaisir de pouvoir contribuer à la huitième édition du « Cesenatico Classica », une série de concerts musicaux qui se tiendront au Théâtre Municipal de Cesenatico pendant les mois de janvier et février. Un moment unique et presque irremplaçable! Ci-dessous, l&rsquo;affiche avec les jours et les heures!
